Let i be (3*(-8)/(-6) - -14) + o. What is the highest common divisor of i and 100?
20
Let b be (52/5)/(-6 + 1824/300). Let p(g) = g**3 - 6*g**2 + 5*g - 5. Let z be p(5). Let t be (26/z)/(1/(-10)). What is the greatest common divisor of b and t?
26
Suppose 11*w = 6*w + 75. Let j be 4/12*-1 - (-230)/15. Calculate the greatest common factor of w and j.
15
Let i be -2 - (2 + -3 + -3). Suppose -i*c + 14 = -0*c. Suppose -3*d + 15 = -6. What is the greatest common factor of d and c?
7
Suppose 114 = 4*y - d + 28, 3*d = 4*y - 82. Let p = y - 20. Suppose 0 = -3*g, 5*n - 143 - 157 = p*g. What is the highest common divisor of 30 and n?
30
Suppose 4*o - o - 5*r = -14, 0 = -r + 4. Suppose 2*c - 5*y - 84 = -o*c, c - 21 = -5*y. Let u be c/14 - 569/(-2). What is the highest common factor of 26 and u?
26
Suppose -52*f + 2740 = 1024. What is the greatest common factor of 1100 and f?
11
Suppose 12 = 3*f, f - 16 = -4*z - 0. Suppose -1 = w, 2*w + z = 4*c - 3. What is the highest common factor of 3 and c?
1
Let i = 42 - 70. Let o be (i/10)/(2/(-5)). Suppose 0 = k + 8 - 64. What is the highest common divisor of k and o?
7
Let y(v) be the second derivative of -v + 0 - 5/3*v**3 + 1/6*v**4 + 2*v**2. Let x be y(7). What is the highest common divisor of x and 48?
16
Suppose 0 = -0*g + g + 2. Let q(k) = -56*k + 5. Let v be q(g). Calculate the highest common factor of v and 13.
13
Suppose 0*f = 2*f, 4*l - 264 = 4*f. Let o = l - 58. What is the greatest common factor of o and 16?
8
Let j = -231 + 352. Calculate the highest common divisor of j and 22.
11
Let g = 16 + 6. Let j be ((-14)/7)/(7/(-77) - 0). Calculate the greatest common factor of g and j.
22
Let w be ((-16)/(-14))/((-22)/77) + 69. What is the highest common divisor of 2795 and w?
65
Suppose 2*u - 6 = 0, 4*z - 188 = -3*u + 7*u. Suppose -4*q = -q. Suppose -a + 5 + 70 = q. Calculate the greatest common factor of a and z.
25
Suppose -63 = -q - 0*b + 3*b, q = -2*b + 73. What is the highest common factor of q and 46?
23
Let u = -3 - 6. Let x(m) = m**3 + 10*m**2 + 11*m - 4. Let d be x(u). Let k be (-70)/d + (-12)/66. What is the highest common factor of 3 and k?
3
Suppose 25 = 14*p - 1375. Calculate the highest common divisor of p and 500.
100
Suppose 78 = r + 2*r. Let j = r - 24. Suppose 4*q - 6 - 10 = 0. Calculate the highest common factor of j and q.
2
Suppose 4*y = 737 - 165. What is the highest common factor of y and 13?
13
Let d(y) = 3*y**2 + 6*y + 7. Let q be d(5). Let f = 51 + -30. Let t be (6/(-9))/((-1)/f). Calculate the highest common divisor of q and t.
14
Let o(u) = -u**2 - 25*u + 168. Let r be o(-30). What is the greatest common factor of r and 174?
6
Suppose -2*k - 16 = -5*r - 5*k, 5*r = -2*k + 14. Suppose 3*y = r*y + 352. What is the highest common factor of 32 and y?
32
Suppose 5*s = s + 44. Let n(b) = b**3 - 11*b**2 + 2*b - 10. Let w be n(s). What is the greatest common divisor of w and 4?
4
Let k be (5 + -1)/((-2)/(-5)). Let g be ((-5)/(k/8))/(-2). Let a(l) = l**2 - 12*l - 12. Let q be a(14). Calculate the highest common factor of g and q.
2
Let o(h) = 5*h**2 + 3*h - 4. Suppose 3*w - 5*w = 6. Let x be o(w). Calculate the greatest common divisor of 4 and x.
4
Let k(x) = -x - 1. Let i(j) = 20*j + 20. Let v(a) = i(a) + 30*k(a). Let r be v(-7). Let n = r + -37. Calculate the highest common divisor of n and 253.
23
Let i be 192/42 - 3/(-7). Let g = 2 + -2. Suppose g = -i*l + 22 + 68. Calculate the greatest common factor of 198 and l.
18
Let l(a) = -a**3 + 8*a**2 + 10*a - 5. Let m(j) = 7 + j + 17 - 2 - 3. Let c be m(-10). Let s be l(c). What is the greatest common divisor of 4 and s?
4
Let k be (3 - 0)*(-24)/18. Let w be (k + 13)*(-4)/(-6). Let p = 30 - w. Calculate the highest common factor of 3 and p.
3
Let b = -121 + 179. Suppose s = -5*c + b - 15, 4*s = 5*c + 97. What is the highest common factor of 84 and s?
28
Suppose 40*q = 29*q + 187. Let b = 6 - 4. Suppose 2*o + 6*c = c + 93, b*o - 78 = -2*c. Calculate the highest common divisor of q and o.
17
Let o(v) = 5*v**2 - 12*v - 29. Let s(w) = w**2 + w. Let m(n) = -o(n) + 6*s(n). Let x be m(-17). What is the greatest common divisor of x and 24?
12
Suppose -10*l - 42 = -92. Let a be ((-72)/(-2) - 1) + 0. Calculate the greatest common divisor of l and a.
5
Suppose 20422*i + 2244 = 20433*i. Suppose -2*d = -2*g - 20, -5*d - 2*g + 33 + 31 = 0. Calculate the highest common factor of i and d.
12
Let c(a) = -261*a + 1585. Let q be c(6). Suppose 0*z + 95 = 5*z. Calculate the highest common factor of q and z.
19
Suppose 1338 = 8*w + 250. Let a = 196 - w. What is the highest common factor of a and 40?
20
Let n = 381 + -271. Calculate the greatest common factor of n and 22.
22
Let v(d) = 5*d**2 + d - 5. Let f be v(-3). What is the greatest common factor of 259 and f?
37
Suppose 2468 = 115*x + 168. What is the highest common divisor of 32 and x?
4
Let t(y) = y**2 - 2*y + 126. Let u be t(-29). Calculate the highest common divisor of 164 and u.
41
Suppose -9*x = -49*x + 2040. Calculate the greatest common divisor of 6 and x.
3
Let j = 4 + -4. Suppose -11*d = -6*d - 15. Suppose -57 = -d*l - j*l. What is the greatest common divisor of 209 and l?
19
Suppose 195 = 6*k - k. Let p be (-22 - 0) + 10 + 441. What is the greatest common divisor of p and k?
39
Suppose -517 = -76*k + 319. What is the highest common divisor of 374 and k?
11
Suppose 6*t = 2*t + 16. Let u = 4678 + -4650. What is the greatest common divisor of u and t?
4
Let j(r) = -r**3 + 10*r**2 + 11*r. Let d be 9 - 4/6*-3. Let k be j(d). Suppose k = -4*o + 79 + 1. Calculate the highest common factor of 5 and o.
5
Let h(b) = -3*b**3 + 2*b**2 + 19*b + 48. Let t be h(-4). What is the greatest common divisor of t and 42?
14
Let v(j) = 25*j**3 - 1. Let a be v(1). Let u = 168 - 132. Calculate the highest common factor of a and u.
12
Suppose -3*b = 3*h + 66, 0 = 2*b + b + h + 62. Let k = 32 + b. Calculate the greatest common factor of k and 60.
12
Suppose 6 = 2*p - 0. Let j = p + 15. Let i(d) = 7*d**2 - 5*d - 2. Let c be i(4). Calculate the highest common factor of j and c.
18
Suppose 3*a - 42 = 4*a. Let x be (-2)/3 - 868/a. What is the greatest common divisor of 140 and x?
20
Suppose -2*f = 2*b - 32, 2*b - 1 - 3 = 0. Suppose -48 = -3*x - 3*r, x = r - 0*r + f. Calculate the greatest common factor of x and 10.
5
Suppose 27*w - 25*w + 103 = 5*x, x - 4*w = 17. What is the greatest common divisor of 1113 and x?
21
Let q = 33 - 33. Let b(l) = -2*l**2 + l + 25. Let i(h) = -h**2 + 1. Let m(s) = b(s) - i(s). Let n be m(q). Calculate the greatest common divisor of 36 and n.
12
Let f = 402 + -394. Calculate the greatest common divisor of 64 and f.
8
Suppose 4*n = 237 + 231. Let k = n - 47. What is the greatest common factor of k and 14?
14
Suppose 2*j - 3 = -d + 2, 3*j - 3*d = -15. Suppose s + y - 41 = j, 0*s + 3*y = 2*s - 87. Calculate the greatest common factor of s and 126.
42
Suppose -20 = -y - 2*k, -2*k + 115 = 5*y + 3*k. Calculate the greatest common divisor of 234 and y.
26
Let a(r) = -4*r**2 - 28*r + 2. Let s be a(-7). Calculate the highest common divisor of 94 and s.
2
Let j be 2*6/(-20) - 2448/(-80). Calculate the greatest common divisor of j and 165.
15
Suppose -38 + 26 = -4*d. Let j be (-4)/(-3)*1*18. What is the highest common factor of d and j?
3
Let x = 1488 + 1088. Let n be 3/2*x/42. What is the highest common factor of n and 138?
46
Suppose -v - 283 = -4*v - 2*c, -3*v + 4*c = -289. What is the greatest common divisor of 19 and v?
19
Suppose 26*i = 10*i + 320. What is the highest common factor of i and 10?
10
Let d be ((-52)/(-182))/((-1)/(-28)). What is the highest common divisor of 648 and d?
8
Let o = 574 + -310. Calculate the greatest common factor of o and 24.
24
Suppose -y + 3*t = 81, -2*t + 3 = -t. Let h(g) = -20*g - 13. Let k be h(-6). Let u = k + y. What is the greatest common factor of 7 and u?
7
Let x(m) = m**3 - m**2 - 4*m. Let r(s) = s**3 - 5*s**2 + 7*s - 9. Let f be r(4). Let v be x(f). Calculate the highest common factor of 27 and v.
3
Suppose 3*w - 24 = 30. Suppose 2*a + 2*u = 938, 5*a - 2*u = a + 1852. Suppose 5*z = -5*f + a, -z + 2*z = 3. Calculate the highest common factor of w and f.
18
Suppose -4*f = -0*f. Suppose m - 17 = -f*m. Calculate the greatest common divisor of 51 and m.
17
Let y(a) = 